in base 12?
4
Convert -20 (base 6) to base 13.
-c
What is -8 (base 16) in base 13?
-8
Convert 2 (base 7) to base 16.
2
-10233 (base 4) to base 10
-303
Convert -13 (base 7) to base 8.
-12
Convert -4 (base 9) to base 15.
-4
Convert -123 (base 7) to base 4.
-1002
What is 3 (base 16) in base 2?
11
What is -1 (base 15) in base 11?
-1
4 (base 14) to base 11
4
-3 (base 5) to base 13
-3
Convert f4 (base 16) to base 15.
114
What is -11 (base 6) in base 11?
-7
What is -1 (base 16) in base 13?
-1
What is 11a (base 11) in base 7?
262
Convert -36 (base 13) to base 4.
-231
-1 (base 5) to base 15
-1
-10 (base 3) to base 8
-3
What is -2 (base 8) in base 6?
-2
-4 (base 6) to base 3
-11
2 (base 7) to base 16
2
What is 12 (base 12) in base 4?
32
-b1 (base 13) to base 3
-12100
Convert -36 (base 10) to base 7.
-51
What is 12120 (base 3) in base 7?
303
Convert -20 (base 9) to base 14.
-14
What is a0 (base 16) in base 5?
1120
Convert -4 (base 5) to base 2.
-100
Convert -95 (base 14) to base 3.
-11212
1110001 (base 2) to base 4
1301
Convert -6 (base 10) to base 8.
-6
What is 134 (base 5) in base 11?
40
What is 1 (base 12) in base 5?
1
What is 4 (base 5) in base 15?
4
131 (base 5) to base 16
29
What is -1 (base 5) in base 15?
-1
What is 48 (base 12) in base 15?
3b
Convert 8 (base 16) to base 4.
20
What is 24 (base 5) in base 7?
20
-9a (base 15) to base 14
-a5
What is 5 (base 10) in base 14?
5
What is 0 (base 2) in base 7?
0
What is -100101000 (base 2) in base 15?
-14b
-44 (base 11) to base 8
-60
61 (base 11) to base 16
43
What is 1 (base 12) in base 7?
1
-10011010 (base 2) to base 12
-10a
What is -248 (base 9) in base 7?
-413
64 (base 15) to base 13
73
Convert -53 (base 10) to base 3.
-1222
262 (base 9) to base 10
218
What is -1 (base 2) in base 15?
-1
Convert -324 (base 8) to base 2.
-11010100
Convert 0 (base 5) to base 11.
0
10 (base 3) to base 11
3
Convert -34 (base 8) to base 14.
-20
-20 (base 3) to base 8
-6
What is -25 (base 7) in base 14?
-15
2 (base 4) to base 16
2
What is 3 (base 7) in base 4?
3
What is 0 (base 4) in base 6?
0
-103 (base 4) to base 3
-201
Convert 6 (base 14) to base 12.
6
11 (base 7) to base 2
1000
Convert 1011 (base 3) to base 9.
34
What is -8 (base 9) in base 15?
-8
What is 10 (base 14) in base 8?
16
Convert 3 (base 10) to base 5.
3
-10211 (base 3) to base 9
-124
What is 3 (base 15) in base 4?
3
What is 4 (base 13) in base 12?
4
-1 (base 16) to base 7
-1
What is 1a (base 16) in base 14?
1c
What is -9 (base 13) in base 9?
-10
Convert -23 (base 10) to base 13.
-1a
-7 (base 14) to base 9
-7
Convert -10 (base 5) to base 6.
-5
Convert 0 (base 5) to base 7.
0
86 (base 10) to base 7
152
What is -10101000 (base 2) in base 12?
-120
What is -12 (base 10) in base 13?
-c
Convert -4 (base 6) to base 2.
-100
What is -58 (base 16) in base 7?
-154
What is 12 (base 6) in base 8?
10
What is -13 (base 4) in base 7?
-10
-12120 (base 3) to base 10
-150
0 (base 16) to base 7
0
-10233 (base 4) to base 14
-179
Convert -8 (base 10) to base 5.
-13
18 (base 13) to base 10
21
Convert 22 (base 9) to base 6.
32
Convert 16 (base 8) to base 11.
13
-4 (base 16) to base 9
-4
Convert 12 (base 5) to base 4.
13
-5 (base 7) to base 12
-5
What is -31 (base 5) in base 7?
-22
-4 (base 11) to base 10
-4
2 (base 13) to base 8
2
Convert 567 (base 8) to base 6.
1423
Convert 2 (base 9) to base 15.
2
What is -13 (base 13) in base 5?
-31
0 (base 5) to base 7
0
53 (base 9) to base 11
44
Convert 2 (base 10) to base 15.
2
-234 (base 10) to base 15
-109
Convert -11 (base 2) to base 8.
-3
Convert 13 (base 6) to base 13.
9
Convert 37 (base 8) to base 4.
133
What is 121 (base 4) in base 15?
1a
-2 (base 3) to base 11
-2
14 (base 14) to base 9
20
Convert -1211 (base 3) to base 11.
-45
What is 162 (base 7) in base 12?
79
What is 79 (base 11) in base 3?
10012
181 (base 15) to base 3
110211
Convert -3 (base 6) to base 8.
-3
What is -10 (base 6) in base 11?
-6
Convert -13 (base 14) to base 3.
-122
-17 (base 8) to base 3
-120
What is -2 (base 3) in base 10?
-2
Convert -b5 (base 14) to base 12.
-113
25 (base 12) to base 5
104
Convert 1002 (base 4) to base 8.
102
Convert -131 (base 5) to base 10.
-41
2a (base 14) to base 15
28
-11001110 (base 2) to base 14
-10a
What is -c (base 15) in base 6?
-20
-1 (base 12) to base 8
-1
12 (base 10) to base 15
c
Convert -51 (base 13) to base 11.
-60
11001110 (base 2) to base 4
3032
Convert 1133 (base 4) to base 9.
115
What is 33 (base 4) in base 11?
14
1000111 (base 2) to base 10
71
Convert 1 (base 5) to base 6.
1
Convert -1 (base 2) to base 7.
-1
What is -2 (base 3) in base 12?
-2
Convert 13 (base 6) to base 9.
10
Convert 3 (base 6) to base 3.
10
What is 52 (base 6) in base 13?
26
Convert 33 (base 13) to base 16.
2a
What is -2 (base 5) in base 15?
-2
Convert 243 (base 5) to base 15.
4d
52 (base 13) to base 4
1003
83 (base 10) to base 8
123
What is -28 (base 14) in base 11?
-33
2011 (base 3) to base 9
64
-1 (base 14) to base 15
-1
0 (base 12) to base 9
0
What is -1a (base 13) in base 2?
-10111
3 (base 13) to base 5
3
What is -553 (base 6) in base 3?
-21220
What is 32 (base 6) in base 14?
16
Convert 2200 (base 3) to base 8.
110
121 (base 4) to base 12
21
-2b (base 12) to base 14
-27
Convert 12 (base 9) to base 13.
b
-122 (base 3) to base 8
-21
What is -14 (base 13) in base 10?
-17
-42 (base 7) to base 14
-22
What is -70 (base 15) in base 9?
-126
What is 6 (base 7) in base 6?
10
What is 42 (base 10) in base 16?
2a
-103 (base 7) to base 3
-1221
What is 110100 (base 2) in base 5?
202
What is 7 (base 9) in base 12?
7
Convert -111 (base 14) to base 2.
-11010011
What is 4 (base 15) in base 16?
4
Convert -22 (base 5) to base 13.
-c
2c (base 16) to base 7
62
What is 101 (base 2) in base 13?
5
0 (base 6) to base 9
0
What is 3a (base 11) in base 8?
53
35 (base 10) to base 16
23
What is -121 (base 7) in base 9?
-71
What is 12 (base 16) in base 13?
15
What is -191 (base 12) in base 4?
-3331
What is 1 (base 15) in base 11?
1
What is -100 (base 3) in base 12?
-9
Convert -11 (base 2) to base 4.
-3
What is 19 (base 11) in base 4?
110
Convert -11 (base 5) to base 10.
-6
What is -11 (base 8) in base 11?
-9
What is 100 (base 12) in base 6?
400
135 (base 8) to base 11
85
Convert 3 (base 14) to base 5.
3
What is 1 (base 3) in base 7?
1
2 (base 5) to base 13
2
Convert 11001 (base 2) to base 7.
34
1 (base 3) to base 9
1
4 (base 15) to base 8
4
3 (base 10) to base 4
3
What is -2 (base 10) in base 16?
-2
Convert b (base 14) to base 3.
102
Convert 502 (base 9) to base 2.
110010111
What is -b (base 14) in base 12?
-b
What is 3 (base 9) in base 3?
10
Convert -2 (base 11) to base 9.
-2
Convert -4 (base 14) to base 15.
-4
What is 75 (base 16) in base 13?
90
-356 (base 10) to base 7
-1016
What is -1 (base 13) in base 11?
-1
-11 (base 4) to base 11
-5
17a (base 12) to base 11
1a7
Convert 11 (base 8) to base 9.
10
What is 34 (base 15) in base 11?
45
-1302 (base 4) to base 10
-114
Convert -3 (base 15) to base 11.
-3
7 (base 9) to base 12
7
What is 4 (base 13) in base 10?
4
6 (base 14) to base 6
10
5 (base 12) to base 16
5
60 (base 8) to base 15
33
Convert -41 (base 5) to base 2.
-10101
What is -3 (base 4) in base 8?
-3
1343 (base 5) to base 6
1011
What is 10 (base 4) in base 15?
4
What is -4 (base 12) in base 7?
-4
1 (base 8) to base 11
1
2 (base 14) to base 12
2
Convert -1210 (base 4) to base 3.
-10201
Convert -11020 (base 3) to base 6.
-310
Convert 9 (base 14) to base 15.
9
136 (base 9) to base 7
222
99 (base 12) to base 4
1311
-b2 (base 12) to base 2
-10000110
What is -1 (base 9) in base 11?
-1
What is -213 (base 8) in base 2?
-10001011
What is -2 (base 10) in base 6?
-2
Convert 6 (base 13) to base 5.
11
What is -2 (base 12) in base 15?
-2
-c (base 16) to base 9
-13
-2 (base 3) to base 13
-2
What is -2b (base 12) in base 13?
-29
1 (base 2) to base 8
1
Convert 44 (base 15) to base 6.
144
What is -29 (base 10) in base 8?
-35
-3 (base 9) to base 4
-3
What is 13 (base 13) in base 11?
15
5 (base 7) to base 2
101
What is 15 (base 15) in base 3?
202
Convert 19 (base 14) to base 9.
25
2 (base 7) to base 9
2
Convert -ed (base 15) to base 14.
-11d
1 (base 3) to base 13
1
What is 3 (base 10) in base 4?
3
What is a (base 16) in base 2?
1010
Convert 10 (base 15) to base 8.
17
What is 44 (base 8) in base 6?
